
2, 3
Let z = 21 + -29. Let d be 2/z - 1/(-4). Suppose -5*l + 2*l + 57 = d. List the prime factors of l.
19
Suppose -3*h - 3*u + 957 = -u, -4*h + u + 1265 = 0. Let z = -165 + h. List the prime factors of z.
2, 19
Let v be 2 - (-3)/((-489)/498 - -1). Suppose -2*d - 5*d + v = 0. What are the prime factors of d?
2, 3
Suppose 7*s - 4*s = 2*l - 254, 2*s + 184 = 5*l. Let x = s - -141. What are the prime factors of x?
59
Let d(v) = -26*v**2 + 2*v - 2. Let y be d(1). Let x be (-106)/(-13) + y/169. What are the prime factors of (-100)/(-16) + (-2)/x?
2, 3
Let j(o) = -5*o**2 + 1. Let i(h) = -14*h**2 + 4. Let b(x) = 4*i(x) - 11*j(x). Let w be b(3). What are the prime factors of -62*(18/w + 4)?
31
Suppose -15 = 5*d, y + 5*d + 50 = -39. Let s = y - -34. Let c = s - -88. List the prime factors of c.
2, 3
Suppose 4*p = 4*v + 1804, 2*p + 5*v = 914 + 23. List the prime factors of p.
2, 3, 19
Let r(b) be the second derivative of -b**5/20 + 23*b**4/12 - 2*b**3 - 3*b**2/2 + 28*b. What are the prime factors of r(22)?
7, 31
List the prime factors of (-8)/(-96)*21*948.
3, 7, 79
Suppose 56*x - 32032 = 42*x. What are the prime factors of x?
2, 11, 13
Let u = 58 + -114. Let h = -40 - u. List the prime factors of h.
2
Let b = 33 + -38. What are the prime factors of (-185)/(b + 0) + -1?
2, 3
Let q(u) = -3*u**3 - 8*u**2 - 2*u + 26. Let p(m) = 2*m**3 + 9*m**2 + 2*m - 26. Let a(r) = -4*p(r) - 3*q(r). List the prime factors of a(12).
2
Let u = 197 - 185. What are the prime factors of u?
2, 3
Suppose -13*k - 2 = -14*k. Suppose m - 26 = z - 6*z, -2*m - k*z = -28. What are the prime factors of m?
11
Let l be 0/(-1 - -2) - -2. Suppose -104 = -3*m - l. Suppose h - 2*h = -b - m, -3*h + 2*b = -102. What are the prime factors of h?
2, 17
Let m = 15 + -17. Let y = 17 - m. List the prime factors of y.
19
Let u be 54/36*(-14)/3. Let d(a) = -a**3 - 5*a**2 + 8*a - 9. What are the prime factors of d(u)?
3, 11
Suppose 3040 = 5*y + 5*y. What are the prime factors of y/((-6)/(-3)) + 1 + 0?
3, 17
Let w(h) = -126*h - 6. List the prime factors of w(-9).
2, 3, 47
Suppose w + 2*b + 105 = 196, 3*w + 2*b = 265. What are the prime factors of w?
3, 29
Suppose -103*r = -99*r - 12. Suppose c + 4*l - 102 = 0, r*c + 2*l = -0*l + 276. What are the prime factors of c?
2, 3, 5
Let s = -52 + 80. Suppose 2*p - 96 = -s. What are the prime factors of p?
2, 17
Suppose 135*z - 140*z + 140 = 0. List the prime factors of z.
2, 7
Suppose -u + 5 = 0, 3 = -2*o - 3*u + 4*u. What are the prime factors of 1434/(-6)*o/(-1 - 0)?
239
Let h(f) = 11*f**2 - f. Let o be (-1)/(2/((-6)/(-3))). Let d be h(o). Suppose 16 = 2*w - 2*l, -d = -4*w + l - 2*l. What are the prime factors of w?
2
Let g = 18 - 5. Suppose 2*r - 14 = 3*b - 7, 2*b + g = 3*r. Suppose 89 = r*q - 41. What are the prime factors of q?
2, 13
Suppose -8 = 4*c - 4*t, 2*c - 2*t = -3*t - 4. Let q be 2 - (-2 + (-3 - c)). Suppose d = 4, -d = -q*y - 4*d + 132. What are the prime factors of y?
2, 3
Suppose 5 = 5*p - 5*y, 2*y + 0*y - 19 = -5*p. Let b(k) = 3 + 8*k**2 - 7*k**2 + k - 5 - 2*k. List the prime factors of b(p).
2
Let z(u) = -u**3 + 10*u - 7. Let l be z(3). Let y(t) = -2*t - 6. Let v be y(0). What are the prime factors of (-564)/(-8)*l/v?
47
Suppose -2 = 5*y - 37. Let i be (-12)/9*(y + 47). Let p = -40 - i. What are the prime factors of p?
2
Suppose 2*b - 2*g - 8 = 0, g = -6*b + b + 26. Suppose 5 = -b*p + 920. What are the prime factors of p?
3, 61
List the prime factors of -2*2/52 + (-49405)/(-65).
2, 5, 19
Suppose 5*n - 12 = 3. What are the prime factors of (-3 + (3 - -1))/(n/27)?
3
Let v = 421 - -52. What are the prime factors of v?
11, 43
Let n = -1010 + 1423. List the prime factors of n.
7, 59
Let y be -14 - 7/((-7)/(-2)). Let c(m) = -m - 1. What are the prime factors of c(y)?
3, 5
Suppose 159*m - 4824 = 141*m. What are the prime factors of m?
2, 67
Suppose 25*w - 28*w + 27 = 0. Suppose -w*y - 84 + 354 = 0. List the prime factors of y.
2, 3, 5
Let c = 1946 - 1380. List the prime factors of c.
2, 283
Let p(j) = 2*j**3 - 3*j**2 - j + 1. Let g be p(3). Suppose 2*k + 2*r = r - 15, g = -4*k - r. Let b = 25 - k. What are the prime factors of b?
2, 3, 5
What are the prime factors of (-1)/3 + 5104/12*1?
5, 17
Let c = 27 - 23. Suppose -94 = -c*p + 3*y - 5*y, 5*p = 5*y + 125. List the prime factors of p.
2, 3
Suppose 5*j - 3424 = -5*y - 224, 3*j + 1902 = 3*y. List the prime factors of y.
7, 13
Suppose -4*s = -3 - 5. Let t(k) = 11*k - 4 + 3*k**s - k + 0. What are the prime factors of t(-5)?
3, 7
Let g be (-1)/3 + 32/6. Let d = -72 - -121. Suppose d = -g*c + 199. List the prime factors of c.
2, 3, 5
Suppose -2*r + f + 12 = 6*f, 12 = 2*r + f. Let l be ((-4)/r)/((-2)/12). Suppose -7*s = -8*s + l. What are the prime factors of s?
2
Let n be (-10)/(-3) + (96/(-18))/4. Suppose t + 0*b = n*b + 246, -5*t + 2*b = -1246. What are the prime factors of t?
2, 5
Suppose 74239 = 30*q - 13*q. What are the prime factors of q?
11, 397
Let h(p) = 6*p - 11. Let k(y) be the second derivative of y**3/6 + 8*y. Let q(j) = -h(j) + 5*k(j). List the prime factors of q(-14).
5
Suppose 19*n - 20*n = 5. Let d(y) = 5*y**2 + 4*y - 4. What are the prime factors of d(n)?
101
Let q = -30 + 44. Suppose -m - 7 + q = 0. Suppose s - m = 22. What are the prime factors of s?
29
What are the prime factors of (16380/150)/(-1*3/(-120))?
2, 3, 7, 13
Suppose -24*g + 74*g = 106600. List the prime factors of g.
2, 13, 41
Suppose 14*u - 15*u + 369 = 0. What are the prime factors of u?
3, 41
Let w = 5179 - 2716. What are the prime factors of w?
3, 821
Suppose 3*c = -5*m + 71, -m + 3*m - 24 = c. Suppose 119 = 2*y + m. Let h = -17 + y. What are the prime factors of h?
2, 3
Let g be 2/3 + 14/6. Let v = g - -236. List the prime factors of v.
239
Let k be -1 - 3703/7 - 1*-4. Let u = -303 - k. List the prime factors of u.
223
Let q(m) = -12 + m**2 + 7*m + 6 + 4*m. Let r(v) = v**3 - 6*v**2 + 2*v + 2. Let s be r(5). What are the prime factors of q(s)?
2, 5
Let g be -96 - (4/(-2) - 3). Let i = g - -152. What are the prime factors of i?
61
Let q(a) = 6*a**2 + 26*a - 31*a + 3*a**3 - 4*a**3 - 5. Let f be q(5). Let p(t) = -4*t. What are the prime factors of p(f)?
2, 5
Let t be 1 - 1/(1 - 2). Suppose -6*a + 3 + 93 = 0. Suppose -3*f + t = -a. What are the prime factors of f?
2, 3
Let j(s) = s**2 + 4*s - 27. Let n be j(-13). Let z = 7 - 3. Suppose z*k - n = -k. What are the prime factors of k?
2, 3
Let a be 0 - 1/(-3)*0. Suppose 3*w - 6 = a, -4*z + 4*w - 30 = -10. List the prime factors of 4 + (z - -5) + -2.
2
Let f(r) = r**2 - 5*r + 12. Let n be f(-7). Let v = -41 + n. What are the prime factors of v?
5, 11
Suppose -3*u = p + 3 - 2, 5*p + 5*u = 15. Let b(x) = 4*x**2 - 6*x. Let l be b(p). Suppose 3*f + 2*q = q + 34, -q = -5*f + l. List the prime factors of f.
13
Let w(d) = -9*d + 5. Let q be w(4). Let v be 21/(-28)*(q - 1). Suppose 5*r - 16 = v. What are the prime factors of r?
2
Suppose 0 = -u - 4*r - 14, -2*r - 9 = -1. List the prime factors of (40/(-24))/(u/(-54)).
3, 5
Suppose 4*m + 81 = m. Let h = m - -39. What are the prime factors of -1 + h*4/6?
7
Suppose -833 = -6*h + 175. Let a = h + -48. Suppose -6*d + a = -2*d. List the prime factors of d.
2, 3, 5
Let w(d) = 2*d - 2. Let a be w(3). Suppose -394 = a*f - 1306. Suppose 2*x - 6*x + f = 0. What are the prime factors of x?
3, 19
Let c be 60/9*3/(-2). Let f(w) = -6*w + 8. Let p be f(c). Let d = p - 47. List the prime factors of d.
3, 7
Let k(p) = p**3 + 4*p**2 + 2*p - 2. Let w be k(-2). Suppose w*j - 102 = 18. List the prime factors of j.
2, 3, 5
Suppose 1 = -2*l - 11. Let j be 8/l*(-1887)/34. Suppose -2*o + o + j = 0. What are the prime factors of o?
2, 37
Let d(h) = 4*h**2 - 3*h + 40. What are the prime factors of d(0)?
2, 5
Let u(w) = -2*w**3 - 4*w**2 + w + 2. Let r be u(-2). Suppose 2*i = -r*i - 5*k + 387, -4*i - 5*k + 779 = 0. What are the prime factors of i?
2, 7
Let g = 45 - 25. Let m = 51 + g. List the prime factors of m.
71
Suppose 3*u + 5 = -1. Let p = -7 - u. Let b(c) = -c**3 - 4*c**2 + 4*c - 2. List the prime factors of b(p).
3
Let v(a) = a**2 - 3*a + 35. What are the prime factors of v(0)?
5, 7
Let t(b) = -5*b**3 + 1 + 3*b**2 + 2 - 6*b + 4*b**3 + 4*b. Let l be t(3). What are the prime factors of l + (0 + 40)/1?
37
List the prime factors of (9/(-2) + 5)*614.
307
Let